133 + 21200331?
21313130
In base 14, what is -4 - -119440?
11943a
In base 5, what is 4004432 - -2340?
4012322
In base 15, what is -10a9d + 69?
-10a34
In base 7, what is -3320503 + -302?
-3321105
In base 9, what is -285710401 - 7?
-285710408
In base 7, what is 4236121111 + 0?
4236121111
In base 6, what is -153003032 + -2?
-153003034
In base 5, what is -103201 - 2033134?
-2141340
In base 12, what is 3 + -6494053?
-6494050
In base 3, what is 22 + 11211121102021?
11211121102120
In base 2, what is -10 - 100001010111110000000?
-100001010111110000010
In base 7, what is -22 + -43300221?
-43300243
In base 8, what is 41055231 + 37?
41055270
In base 4, what is -302103302230 - 10?
-302103302300
In base 2, what is 111 - -1100011110000000011110111011?
1100011110000000011111000010
In base 3, what is 221211110 - 201010220?
20200120
In base 9, what is 343 - -163131?
163474
In base 14, what is -2c + c4472?
c4444
In base 15, what is -7c28 + 2e?
-7be9
In base 4, what is -110023021323301 + 11?
-110023021323230
In base 11, what is -182 - 4638?
-480a
In base 14, what is 21 - -2dd702?
2dd723
In base 8, what is 13 + -440642?
-440627
In base 16, what is 126c77 + 10f?
126d86
In base 3, what is 1212 - -12211011211?
12211020200
In base 8, what is -24 + 6506630?
6506604
In base 8, what is 12527551 + 131?
12527702
In base 6, what is 2422 - 1454112?
-1451250
In base 11, what is 5494 - 6752?
-1269
In base 16, what is -5c3 - -154?
-46f
In base 6, what is -1411234302 - -51?
-1411234211
In base 16, what is -82a + -198cd?
-1a0f7
In base 2, what is -11100011 - 1011111001101100?
-1011111101001111
In base 16, what is 66 + -3a0dc?
-3a076
In base 7, what is -206 - 362442?
-362651
In base 14, what is -5b9138 + 5?
-5b9133
In base 14, what is 0 + 9932951?
9932951
In base 5, what is 10423344023 + -1?
10423344022
In base 3, what is -22210011 + 12002202?
-10200102
In base 8, what is 3165 - -167203?
172370
In base 9, what is 334 + 150472?
150816
In base 16, what is 13c529 + -1?
13c528
In base 16, what is -242cf55 - -5?
-242cf50
In base 15, what is -471 - 785a?
-7ccb
In base 11, what is 8 - 34291a5?
-3429198
In base 4, what is 13 - 3132111100300?
-3132111100221
In base 2, what is 1000110111011101100111 - -100?
1000110111011101101011
In base 2, what is 1101111111101010 - -1100?
1101111111110110
In base 8, what is 43 + -16406?
-16343
In base 15, what is -466b56 + -e?
-466b65
In base 14, what is -54882 + -3?
-54885
In base 15, what is 43ead4 + -6?
43eacd
In base 3, what is -1212200100221 - -2102?
-1212200021112
In base 16, what is 1a179 - -358?
1a4d1
In base 10, what is 139939644 - 1?
139939643
In base 9, what is -1368512 + 1537?
-1366864
In base 5, what is -4444 + 1121333?
1111334
In base 15, what is b953 + 2a0?
bc03
In base 13, what is -9 + -4ca9197?
-4ca91a3
In base 9, what is 1 + -72886040?
-72886038
In base 10, what is 816766 + 12?
816778
In base 7, what is -212 + -135142?
-135354
In base 13, what is -2315c8 - 2b?
-231626
In base 12, what is -3aa80a + -9?
-3aa817
In base 11, what is -14738 + 7320?
-8418
In base 14, what is -c450 - 5bb?
-ca2b
In base 5, what is 14 - 1134240041?
-1134240022
In base 12, what is -9b + 13a800?
13a721
In base 4, what is -1 + 10023011221?
10023011220
In base 11, what is -6 - -23854a8?
23854a2
In base 6, what is -2 + -4243012053?
-4243012055
In base 11, what is -3 - -5284941?
5284939
In base 15, what is d6d + -12a7?
-439
In base 16, what is 345c6 + -27?
3459f
In base 15, what is -110 + 781e22?
781d12
In base 13, what is -59 + 45abb?
45a62
In base 16, what is -495fc8e - 4?
-495fc92
In base 5, what is -30132 + 41233413?
41203231
In base 6, what is 3203230 + -4224?
3155002
In base 5, what is -22003 + 1432441?
1410433
In base 8, what is -5 - 47137?
-47144
In base 15, what is a51 + -4ec1?
-4470
In base 12, what is -129 + 24395?
24268
In base 14, what is 5b - 695439?
-6953bc
In base 8, what is 3 - 4277047?
-4277044
In base 4, what is -200322 - 1311121?
-2112103
In base 11, what is 79a - -656?
1345
In base 10, what is -367622 + 57?
-367565
In base 4, what is 321220232 - -1030?
321221322
In base 6, what is -120 - -23024124?
23024004
In base 9, what is -3 - -11542316?
11542313
In base 13, what is 2 + -5292966?
-5292964
In base 15, what is -800bb - -18e?
-7ee2c
In base 7, what is 1253433 - -4540?
1261303
In base 10, what is 4322304 - -8?
4322312
In base 4, what is -3 - -1032313113?
1032313110
In base 8, what is 75407253 - -7?
75407262
In base 11, what is 3198938 - -7a?
3198a07
In base 5, what is 302303403 + 10414?
302314322
In base 4, what is -2312311 + -3033?
-2322010
In base 5, what is 12431323 - 131144?
12300124
In base 14, what is 776a5d + 1?
776a60
In base 13, what is 21c73 + -129?
21b47
In base 11, what is -24 + 228864?
228840
In base 16, what is -5e4 + -35b6?
-3b9a
In base 4, what is -320 - -11201121?
11200201
In base 10, what is 76 + 336928?
337004
In base 7, what is 101005561 - 50?
101005511
In base 7, what is 30123 + 210?
30333
In base 16, what is 0 + d074d0?
d074d0
In base 7, what is -1532 + 6111450?
6106615
In base 16, what is -1d - -6ae26?
6ae09
In base 5, what is -2400 - -10421332?
10413432
In base 2, what is 10000101010111011010110100 + 10010?
10000101010111011011000110
In base 4, what is -13302 + -2220332?
-2300300
In base 11, what is -354 + 2542a?
25086
In base 3, what is 220121 + -22100000001?
-22022002110
In base 5, what is -223042 - -33033?
-140004
In base 16, what is -4 + baeb7?
baeb3
In base 9, what is 451 + -41613?
-41152
In base 10, what is -5483999 + 3?
-5483996
In base 10, what is -19413 + -230?
-19643
In base 13, what is 287778 + 0?
287778
In base 5, what is 23032 - 1320234?
-1242202
In base 14, what is 4 + -121b?
-1217
In base 5, what is -14 + 233104312?
233104243
In base 5, what is -104133 + 101234?
-2344
In base 6, what is 554140524505 + 3?
554140524512
In base 7, what is -2436 + 441554?
436115
In base 4, what is -11233203 - 21?
-11233230
In base 11, what is 14aa478 - -1?
14aa479
In base 4, what is 23 + -23203221232?
-23203221203
In base 12, what is 7 - -5b7720?
5b7727
In base 10, what is 8 + -10896930?
-10896922
In base 14, what is 1 - 52ac602?
-52ac601
In base 15, what is 36e2416 + -6?
36e2410
In base 6, what is 2 + 540333524?
540333530
In base 6, what is -45 + -200304015?
-200304104
In base 7, what is 2216 - 2241634?
-2236415
In base 11, what is -2 + -9a281a09?
-9a281a10
In base 15, what is 138e + 3507b?
3641a
In base 8, what is -722 + -64343?
-65265
In base 15, what is 8 - 7dd28d?
-7dd285
In base 4, what is -3232131312 + 22?
-3232131230
In base 15, what is -1 + -6c886e?
-6c8870
In base 13, what is -2 - -5c59881?
5c5987c
In base 9, what is 2324584313 + -1?
2324584312
In base 9, what is -14 + 10362667?
10362653
In base 2, what is -100000010001100101000101 - 0?
-100000010001100101000101
In base 13, what is -20c65 - -b7?
-20b7b
In base 7, what is 462 + 20532640?
20533432
In base 9, what is -6152 + -7311?
-14463
In base 4, what is -110200230301 - -100?
-110200230201
In base 8, what is 1 - -221614?
221615
In base 9, what is -304818 + -1671?
-306600
In base 8, what is -10453116 + 7?
-10453107
In base 13, what is -14856000 - -c?
-14855cc1
In base 16, what is -2 + 2e487d1?
2e487cf
In base 14, what is 2072 - -dd?
2171
In base 9, what is 47053271 + 1?
47053272
In base 8, what is 241553356 + -1?
241553355
In base 2, what is -1 + -1100011001111000111011?
-1100011001111000111100
In base 12, what is -6 - -704441?
704437
In base 14, what is 3226 - 20b07?
-1b8c1
In base 2, what is 100 - 111101000011010001100000101?
-111101000011010001100000001
In base 14, what is -2d - 1473d0d?
-1473d3c
In base 16, what is 5037 + -1121?
3f16
In base 6, what is -1 + 1223533024?
1223533023
In base 16, what is 1c9cf7 - -2c?
1c9d23
In base 8, what is 3 - -104663666?
104663671
In base 16, what is 20c76a + 54?
20c7be
In base 12, what is -148 - 15540?
-15688
In base 12, what is -b - -10aa53?
10aa44
In base 15, what is -4e7eda + -2?
-4e7edc
In base 16, what is -777 + 483c?
40c5
In base 16, what is -424 + 1d58?
1934
In base 5, what is 111033 + -22113?
33420
In base 12, what is 12 + 1441001?
1441013
In base 15, what is 4 + 348c75?
348c79
In base 10, what is 2 - -82158823?
82158825
In base 7, what is -31 + 1210531346?
1210531315
In base 14, what is d - -56986?
56995
In base 2, wha